What is -2153211 (base 6) in base 11?
-74400
Convert -2771755 (base 8) to base 16.
-bf3ed
100001111100100111000 (base 2) to base 16
10f938
What is -3356344 (base 7) in base 3?
-210012212001
Convert 626312 (base 7) to base 14.
2b442
Convert -155187 (base 9) to base 4.
-113112223
Convert 1031232403 (base 5) to base 3.
11011100202020
26a41b (base 16) to base 10
2532379
5821834 (base 9) to base 2
1011111111100110111111
What is -122303322 (base 4) in base 3?
-12120122100
1220211000010 (base 3) to base 8
3707742
Convert 7758035 (base 9) to base 4.
33322211003
Convert -262743 (base 10) to base 12.
-108073
What is -121b52 (base 12) in base 13?
-a3898
What is -51524 (base 8) in base 5?
-1140312
5c447 (base 15) to base 7
2334604
What is -56dec (base 16) in base 9?
-602075
What is 31233230 (base 6) in base 10?
906642
Convert 271600 (base 8) to base 7.
544162
What is 61cbc (base 14) in base 10?
235758
What is -118868 (base 11) in base 8?
-555766
2908c6 (base 16) to base 2
1010010000100011000110
Convert -213bb2 (base 14) to base 7.
-12362512
What is 1501262 (base 7) in base 4?
301112321
Convert -1618049 (base 10) to base 5.
-403234144
What is -9c38a (base 13) in base 14?
-75722
-9c257 (base 16) to base 8
-2341127
Convert -14745 (base 11) to base 13.
-9659
-1928768 (base 11) to base 10
-3261871
What is 5792105 (base 10) in base 14?
aaab7b
52321120 (base 6) to base 3
2212011220210
13360575 (base 8) to base 5
1232204340
1010112200220 (base 3) to base 4
2102301312
What is 43a99a (base 11) in base 7?
5654333
Convert -1dd74 (base 15) to base 12.
-4853a
13313033203 (base 4) to base 12
834a57
What is -ee09d (base 15) in base 8?
-2704664
52413 (base 6) to base 8
15631
Convert 20906d (base 15) to base 10.
1549228
1ab18a (base 12) to base 9
804167
-342d6 (base 14) to base 13
-45942
Convert -485658 (base 13) to base 14.
-32cca8
-4124103 (base 5) to base 4
-100131023
What is -5cd520 (base 14) in base 5?
-1303434132
Convert -2040230 (base 6) to base 10.
-98586
143221113 (base 5) to base 8
2707632
Convert a2862c (base 14) to base 4.
110321131200
Convert 2200300301 (base 5) to base 7.
54631510
What is -1599c1 (base 14) in base 8?
-2705465
11111011110001000011011 (base 2) to base 9
16463636
2413370 (base 9) to base 5
313330012
Convert 310010320 (base 4) to base 14.
57a40
Convert -472a161 (base 11) to base 3.
-120112110121220
Convert 3395d (base 14) to base 9.
210822
Convert -101320011 (base 4) to base 8.
-217005
What is 2020200021220 (base 3) in base 10?
1194315
Convert -1001020211210 (base 3) to base 13.
-16617c
10010110101000000 (base 2) to base 4
102311000
Convert 27235 (base 14) to base 12.
479bb
What is 666360 (base 8) in base 13?
7b24c
-10111110001101011101 (base 2) to base 6
-24410541
What is -10545430 (base 6) in base 13?
-b5068
-4106075 (base 9) to base 15
-2d3a05
What is -1021443022 (base 5) in base 2?
-1000001010100011100011
-6064453 (base 9) to base 2
-1100010100111001000100
-236575 (base 8) to base 2
-10011110101111101
Convert -211244614 (base 7) to base 14.
-193b17b
What is 10001010011111110100000 (base 2) in base 11?
261a742
Convert -2102020102 (base 3) to base 14.
-13490
-1656013 (base 9) to base 7
-10562514
What is 344168 (base 10) in base 8?
1240150
88014a (base 16) to base 8
42000512
Convert d9312c (base 14) to base 10.
7345924
1613615 (base 7) to base 4
312100103
Convert -62147a (base 12) to base 3.
-2220002011211
Convert -631101 (base 7) to base 13.
-3a485
6c38 (base 13) to base 3
202221002
Convert -13229051 (base 10) to base 7.
-220305443
-63060 (base 16) to base 13
-112800
-4525360 (base 8) to base 6
-42115532
Convert -1a4ae (base 16) to base 12.
-523a6
What is -1003222012 (base 4) in base 14?
-72dca
What is 707776 (base 8) in base 2?
111000111111111110
Convert 31442552 (base 6) to base 7.
10564055
Convert 220551315 (base 6) to base 3.
21110102200102
What is -11101010010000011001000 (base 2) in base 9?
-15388564
What is -13958446 (base 10) in base 4?
-311033310232
What is 41960 (base 13) in base 2?
11100110100011000
What is 2015783 (base 9) in base 16?
106242
2483a3 (base 11) to base 2
1011111101001101110
50848 (base 13) to base 11
99397
-4341450 (base 6) to base 8
-644746
-4b5987 (base 15) to base 9
-6716581
Convert -68b6b4 (base 14) to base 3.
-20201011100022
What is 284574 (base 11) in base 8?
1545470
What is 306351 (base 8) in base 12?
4a975
What is 2562541 (base 7) in base 16?
51b6b
-553032 (base 9) to base 10
-330266
What is 250683 (base 11) in base 12?
1712a4
Convert -104431414 (base 5) to base 13.
-134b87
18b5a (base 16) to base 11
6a04a
ec6366 (base 15) to base 11
63a06a6
-424131 (base 6) to base 5
-2101430
-3124062 (base 7) to base 4
-1123302210
Convert -21010111122 (base 3) to base 16.
-22430
Convert 241422001 (base 5) to base 14.
213572
-1200012220210 (base 3) to base 11
-558786
What is b3492 (base 14) in base 11?
2753a3
12401352 (base 6) to base 9
676135
-516028 (base 14) to base 15
-3930ab
Convert 629c99 (base 13) to base 16.
2332f7
Convert 11021112100 (base 3) to base 16.
148fe
Convert -2302457 (base 9) to base 13.
-34633c
Convert 57995 (base 13) to base 2.
100111000001010011
What is -131a458 (base 13) in base 5?
-3013220333
Convert 16293a (base 16) to base 13.
3bb09c
What is -29b9a1 (base 15) in base 6?
-111054324
What is 24231041 (base 5) in base 11?
145623
What is a2819 (base 11) in base 9?
247753
What is 308288 (base 10) in base 9?
518802
Convert -22324320 (base 8) to base 12.
-1749728
a020b0 (base 13) to base 15
4d6712
What is -1669466 (base 10) in base 16?
-19795a
-113332131 (base 4) to base 8
-277635
33031102 (base 5) to base 11
183915
Convert 71877 (base 12) to base 4.
210022123
Convert -13423013 (base 7) to base 13.
-3499ac
What is a0d1 (base 16) in base 5?
2304134
348828 (base 12) to base 7
10114643
Convert -21000100320 (base 4) to base 16.
-240438
Convert 22001021200 (base 3) to base 11.
a9010
-4aab67 (base 13) to base 14
-34a088
Convert 4661803 (base 10) to base 8.
21621053
Convert -22313020102 (base 4) to base 9.
-5318621
Convert -4a7982 (base 11) to base 15.
-10c575
What is 3457a3 (base 11) in base 15?
acb72
Convert 24376210 (base 8) to base 10.
5373064
Convert 38100134 (base 9) to base 11.
a59525a
-b6839 (base 14) to base 12
-193017
What is -121111012121 (base 3) in base 12?
-1379a4
-1001122212110 (base 3) to base 8
-2115666
What is 213001200112 (base 4) in base 9?
21221554
Convert -2350030 (base 6) to base 7.
-1022001
a72b7 (base 14) to base 8
1424721
Convert 3992465 (base 10) to base 2.
1111001110101110010001
Convert -1432913 (base 11) to base 8.
-11313335
-45369 (base 16) to base 15
-58eec
-212356 (base 14) to base 5
-241321331
Convert 6043035 (base 9) to base 4.
30101123111
What is 4b6d9 (base 14) in base 11?
117178
-3a910 (base 13) to base 12
-5322b
Convert -34d914 (base 15) to base 8.
-11506520
652145 (base 9) to base 10
388679
-11001100111000001111 (base 2) to base 10
-839183
-13a509 (base 14) to base 3
-1021121211210
853661 (base 9) to base 10
507925
1352774 (base 8) to base 12
1653b8
What is 1000348 (base 12) in base 9?
5551602
What is 2101120002 (base 3) in base 11?
323a5
e3e3a0 (base 15) to base 4
221110111200
440162 (base 7) to base 6
1352045
-8c3c7 (base 14) to base 13
-bc2b3
Convert 101110111001110000 (base 2) to base 5.
22121422
What is 28817a (base 11) in base 9?
755355
Convert -1454cc (base 16) to base 3.
-2111200202012
Convert -2415063 (base 7) to base 15.
-60d0c
What is -13b2d (base 14) in base 12?
-24325
-654314 (base 10) to base 8
-2375752
What is -133120221302 (base 4) in base 15?
-ac7b62
What is -1010111000100101110010 (base 2) in base 6?
-141053230
What is 402a22 (base 13) in base 3?
2210202122202
-3720413 (base 11) to base 3
-110011210200001
-211457 (base 8) to base 16
-1132f
What is 1242431 (base 6) in base 10?
67987
Convert -4718a (base 11) to base 16.
-10a04
Convert 3010813 (base 9) to base 16.
187008
What is -181516 (base 14) in base 7?
-10133626
What is -201101222001 (base 3) in base 4?
-1131100102
337405 (base 10) to base 4
1102113331
3007aa (base 14) to base 12
65a72a
Convert 10032210 (base 4) to base 2.
100001110100100
What is -c43259 (base 13) in base 9?
-8545122
Convert -121074 (base 9) to base 13.
-2729b
What is -42287 (base 14) in base 15?
-32493
Convert -10020022100001 (base 3) 